{"id":22,"date":"2020-02-29T15:22:26","date_gmt":"2020-02-29T15:22:26","guid":{"rendered":"http:\/\/arche-gemeinschaft-erlangen.de\/?page_id=22"},"modified":"2020-03-14T17:32:14","modified_gmt":"2020-03-14T17:32:14","slug":"datenschutzerklaerung","status":"publish","type":"page","link":"https:\/\/arche-gemeinschaft-erlangen.de\/?page_id=22","title":{"rendered":"Impressum"},"content":{"rendered":"\n<p><strong>Gemeindeleitung:<\/strong><\/p>\n\n\n\n<p>Martin Schellenberger<br>Arche Gemeinschaft Erlangen e.V.<br>Luitpoldstr. 5a<br>91054 Erlangen<br>Telefon: 09131\/201213<br>E-Mail: <a href=\"mailto:gemeindeleitung@arche-gemeinschaft-erlangen.de\">gemeindeleitung@arche-gemeinschaft-erlangen.de<\/a><\/p>\n\n\n\n<hr class=\"wp-block-separator\"\/>\n\n\n\n<p><strong>Vertretungsberechtigter Vorstand:<\/strong><\/p>\n\n\n\n<p>Dieter Stengel und Ingo H\u00f6lzel<br>Vereinsregisternummer: VR 21314<br>Inhaltlich Verantwortlicher gem\u00e4\u00df \u00a7 10 Absatz 3 MDStV:<br>Dieter Stengel und Ingo H\u00f6lzel<br>Haftungshinweis: Trotz sorgf\u00e4ltiger inhaltlicher Kontrolle \u00fcbernehmen wir keine Haftung f\u00fcr die Inhalte externer Links. F\u00fcr den Inhalt der verlinkten Seiten sind ausschlie\u00dflich deren Betreiber verantwortlich.<\/p>\n\n\n\n<hr class=\"wp-block-separator\"\/>\n\n\n\n<p><strong>Bankverbindung:<\/strong><\/p>\n\n\n\n<p>Arche Gemeinschaft Erlangen e.V.<br>Sparkasse Erlangen<br>IBAN: DE95 7635 0000 0004 0042 91<br>BIC: BYLADEM1ERH<\/p>\n","protected":false},"excerpt":{"rendered":"<p>Gemeindeleitung: Martin SchellenbergerArche Gemeinschaft Erlangen e.V.Luitpoldstr. 5a91054 ErlangenTelefon: 09131\/201213E-Mail: gemeindeleitung@arche-gemeinschaft-erlangen.de Vertretungsberechtigter Vorstand: Dieter Stengel und Ingo H\u00f6lzelVereinsregisternummer: VR 21314Inhaltlich Verantwortlicher gem\u00e4\u00df \u00a7 10 Absatz 3 MDStV:Dieter Stengel und Ingo H\u00f6lzelHaftungshinweis: Trotz sorgf\u00e4ltiger inhaltlicher Kontrolle \u00fcbernehmen wir keine Haftung f\u00fcr die Inhalte externer Links. F\u00fcr den Inhalt der verlinkten Seiten sind<a class=\"moretag\" href=\"https:\/\/arche-gemeinschaft-erlangen.de\/?page_id=22\"> Weiterlesen<\/a><\/p>\n","protected":false},"author":1,"featured_media":0,"parent":0,"menu_order":0,"comment_status":"closed","ping_status":"closed","template":"","meta":[],"_links":{"self":[{"href":"https:\/\/arche-gemeinschaft-erlangen.de\/index.php?rest_route=\/wp\/v2\/pages\/22"}],"collection":[{"href":"https:\/\/arche-gemeinschaft-erlangen.de\/index.php?rest_route=\/wp\/v2\/pages"}],"about":[{"href":"https:\/\/arche-gemeinschaft-erlangen.de\/index.php?rest_route=\/wp\/v2\/types\/page"}],"author":[{"embeddable":true,"href":"https:\/\/arche-gemeinschaft-erlangen.de\/index.php?rest_route=\/wp\/v2\/users\/1"}],"replies":[{"embeddable":true,"href":"https:\/\/arche-gemeinschaft-erlangen.de\/index.php?rest_route=%2Fwp%2Fv2%2Fcomments&post=22"}],"version-history":[{"count":6,"href":"https:\/\/arche-gemeinschaft-erlangen.de\/index.php?rest_route=\/wp\/v2\/pages\/22\/revisions"}],"predecessor-version":[{"id":193,"href":"https:\/\/arche-gemeinschaft-erlangen.de\/index.php?rest_route=\/wp\/v2\/pages\/22\/revisions\/193"}],"wp:attachment":[{"href":"https:\/\/arche-gemeinschaft-erlangen.de\/index.php?rest_route=%2Fwp%2Fv2%2Fmedia&parent=22"}],"curies":[{"name":"wp","href":"https:\/\/api.w.org\/{rel}","templated":true}]}}